r of 1784 and 8?
8
What is the highest common divisor of 126 and 224?
14
Calculate the highest common factor of 248 and 208.
8
Calculate the highest common divisor of 11 and 539.
11
Calculate the greatest common divisor of 40809 and 183.
183
What is the highest common divisor of 59706 and 186?
186
Calculate the greatest common divisor of 735 and 1365.
105
What is the greatest common factor of 36 and 522?
18
What is the highest common divisor of 87 and 1653?
87
What is the greatest common factor of 15726 and 12?
6
What is the greatest common factor of 34 and 850?
34
Calculate the highest common divisor of 35378 and 14.
14
Calculate the greatest common divisor of 4466 and 84.
14
Calculate the greatest common factor of 16913 and 13.
13
What is the highest common factor of 168 and 532?
28
Calculate the highest common divisor of 1148 and 126.
14
What is the greatest common factor of 36 and 192?
12
What is the greatest common factor of 63 and 5376?
21
What is the highest common factor of 3024 and 112?
112
What is the highest common factor of 1372 and 112?
28
What is the greatest common divisor of 108 and 3132?
108
What is the greatest common divisor of 46 and 23?
23
Calculate the highest common divisor of 824 and 24.
8
What is the greatest common factor of 378 and 70?
14
What is the greatest common factor of 9 and 3357?
9
Calculate the greatest common factor of 6510 and 31.
31
Calculate the greatest common factor of 4 and 58.
2
Calculate the highest common factor of 220 and 165.
55
What is the greatest common factor of 11408 and 62?
62
Calculate the greatest common factor of 50 and 150.
50
What is the highest common factor of 58 and 58?
58
What is the greatest common factor of 851 and 111?
37
What is the highest common factor of 510 and 30?
30
Calculate the greatest common factor of 30 and 230.
10
Calculate the highest common factor of 1189 and 203.
29
What is the highest common divisor of 2015 and 650?
65
What is the highest common factor of 102 and 561?
51
What is the greatest common factor of 1064 and 19?
19
Calculate the highest common factor of 290 and 10.
10
Calculate the highest common factor of 255 and 3264.
51
Calculate the highest common factor of 12 and 165372.
12
What is the highest common factor of 50 and 1820?
10
Calculate the highest common divisor of 88 and 5324.
44
Calculate the highest common factor of 350 and 17675.
175
What is the greatest common factor of 37 and 148?
37
What is the highest common divisor of 225 and 1215?
45
What is the greatest common divisor of 1250 and 50?
50
What is the greatest common divisor of 17 and 17?
17
Calculate the greatest common divisor of 45 and 5.
5
Calculate the highest common factor of 14 and 6.
2
What is the greatest common factor of 10 and 4190?
10
What is the greatest common divisor of 5 and 55?
5
Calculate the highest common factor of 5 and 12695.
5
Calculate the greatest common factor of 700 and 35.
35
Calculate the greatest common divisor of 203 and 3161.
29
Calculate the greatest common divisor of 578 and 34.
34
Calculate the highest common divisor of 74 and 74.
74
What is the greatest common factor of 55 and 55?
55
What is the highest common factor of 11563 and 248?
31
What is the highest common divisor of 18419 and 163?
163
Calculate the greatest common factor of 2 and 64.
2
Calculate the highest common divisor of 152 and 19.
19
What is the greatest common factor of 184 and 8?
8
What is the greatest common factor of 19 and 4237?
19
What is the highest common factor of 291 and 6?
3
Calculate the greatest common divisor of 703 and 37.
37
Calculate the highest common divisor of 432 and 160.
16
Calculate the highest common divisor of 321 and 3.
3
Calculate the greatest common factor of 1474 and 88.
22
Calculate the greatest common divisor of 322 and 14.
14
Calculate the highest common divisor of 9246 and 138.
138
What is the greatest common factor of 25144 and 224?
56
What is the greatest common factor of 117 and 26?
13
What is the highest common divisor of 2816 and 22?
22
Calculate the greatest common divisor of 44 and 1804.
44
What is the greatest common factor of 125 and 25?
25
What is the greatest common factor of 105 and 141?
3
What is the highest common divisor of 392 and 343?
49
Calculate the highest common divisor of 10509 and 372.
93
What is the greatest common factor of 11628 and 12?
12
What is the greatest common divisor of 2151 and 9?
9
What is the greatest common divisor of 2581 and 87?
29
Calculate the greatest common divisor of 209 and 33.
11
What is the highest common divisor of 50 and 18?
2
What is the greatest common factor of 2666 and 43?
43
What is the greatest common factor of 355 and 35?
5
What is the greatest common divisor of 2061 and 229?
229
What is the highest common factor of 832 and 128?
64
Calculate the greatest common factor of 39 and 57.
3
What is the greatest common divisor of 136 and 6154?
34
What is the greatest common divisor of 160 and 20000?
160
What is the highest common divisor of 1457 and 31?
31
Calculate the highest common divisor of 38724 and 63.
21
What is the greatest common factor of 28 and 6622?
14
Calculate the highest common factor of 1241 and 153.
17
Calculate the greatest common factor of 7 and 1981.
7
Calculate the greatest common divisor of 153 and 408.
51
Calculate the greatest common divisor of 117 and 9789.
39
What is the greatest common divisor of 4654 and 208?
26
Calculate the greatest common divisor of 78189 and 201.
201
What is the greatest common factor of 2414 and 238?
34
What is the greatest common factor of 47 and 329?
47
Calculate the greatest common factor of 46 and 46.
46
Calculate the greatest common factor of 476 and 308.
28
What is the highest common factor of 225 and 2325?
75
Calculate the greatest common factor of 98 and 1225.
49
Calculate the greatest common divisor of 36 and 279.
9
Calculate the greatest common divisor of 144 and 9000.
72
Calculate the highest common divisor of 17 and 5.
1
Calculate the greatest common factor of 350 and 1225.
175
What is the highest common factor of 678 and 7006?
226
What is the greatest common factor of 1335 and 30?
15
What is the highest common factor of 86 and 2322?
86
What is the highest common factor of 201 and 6432?
201
What is the greatest common factor of 574 and 8118?
82
Calculate the greatest common divisor of 610 and 366.
122
Calculate the greatest common divisor of 4 and 86.
2
What is the greatest common divisor of 866 and 58455?
433
What is the greatest common factor of 1558 and 95?
19
What is the highest common factor of 107 and 1819?
107
Calculate the greatest common factor of 15288 and 147.
147
Calculate the highest common factor of 24 and 1680.
24
What is the greatest common factor of 12936 and 12?
12
Calculate the greatest common factor of 56 and 868.
28
What is the highest common factor of 2419 and 118?
59
What is the highest common factor of 285 and 15?
15
Calculate the greatest common divisor of 525 and 105.
105
What is the greatest common factor of 1388 and 8675?
347
What is the greatest common divisor of 3971 and 77?
11
Calculate the greatest common factor of 29 and 2668.
29
Calculate the highest common factor of 2624 and 41.
41
Calculate the highest common factor of 748 and 5588.
44
Calculate the highest common factor of 264 and 912.
24
What is the highest common factor of 56 and 1988?
28
What is the greatest common factor of 20 and 365?
5
Calculate the highest common divisor of 231 and 3267.
33
What is the greatest common divisor of 14 and 182?
14
What is the greatest common factor of 640 and 512?
128
What is the greatest common factor of 833 and 34?
17
Calculate the highest common factor of 164 and 16.
4
What is the highest common divisor of 19 and 65?
1
What is the highest common divisor of 4527 and 9?
9
What is the greatest common factor of 336 and 154?
14
Calculate the greatest common divisor of 1106 and 14.
14
Calculate the greatest common divisor of 249 and 243.
3
Calculate the greatest common factor of 387 and 903.
129
What is the highest common factor of 306 and 738?
18
Calculate the highest common factor of 27 and 69.
3
What is the highest common factor of 72 and 276?
12
What is the greatest common factor of 6272 and 512?
128
Calculate the great